4).
0
Let h(r) = -113 + 4*r - 4*r - 2*r - 37*r**2 - r - r**3 + 0*r. What is h(-37)?
-2
Suppose 5*n - 16 = 39. Let j(b) = 10*b - 31*b - 2 + n*b. Let h = -184 - -182. Calculate j(h).
18
Suppose -21 + 228 = 9*r. Suppose -h = -y + 5, 5*y - y - r = h. Let g(f) = 2*f**2 - 4*f**2 - 3*f**2 + y*f**2 - 5*f. Calculate g(5).
0
Let w(p) = 3*p**2 - 63. Let t(j) = -16*j**2 + 316. Let m(f) = 2*t(f) + 11*w(f). Determine m(0).
-61
Let m be 15/(-9)*((-84)/20 - -3). Let p(w) = -66*w**2 - 8*w + 125*w**m - 58*w**2 + 7. Let n = -10 - -16. Determine p(n).
-5
Let a(n) = n**2 - 16*n + 22. Suppose -5*w = 4*w - 718 + 592. Determine a(w).
-6
Let g(m) be the third derivative of -m**5/60 + 3*m**4/4 - 11*m**3/2 - 1425*m**2. Determine g(17).
-16
Let g(a) = 6*a + 0*a + 28229*a**2 - 28230*a**2 + 8. Let i(c) = -c**2 + 10*c - 15. Let o be i(7). Give g(o).
8
Let k be (-5)/(-10)*-4 + -2. Let u(c) = -c - 2. Let s be u(-19). Let n(z) = 0*z + 25 - 37 + 2*z + s. Give n(k).
-3
Suppose -5*y - 2*j - 58 = -64, j + 4 = y. Let r(u) = u + 4*u - y*u - 16 + 0. What is r(7)?
5
Let g(d) = 28*d - 866. Let j = 2278 - 2247. Calculate g(j).
2
Let k(v) = v**2 + 24*v - 36. Suppose -338*j + 3020 = 2732 + 8400. Determine k(j).
-36
Let t be (-76)/57*(-6)/4*1. Suppose 3*c = -5*f - 548, -t*f - 217 = -0*f - c. Let x = 102 + f. Let o(j) = -j**3 - 6*j**2 + 10*j + 5. What is o(x)?
-16
Let o(t) = -4*t**3 + 4*t**2 + 2*t - 1. Let n(d) be the third derivative of -d**6/120 + 62*d**2. Let r(c) = -6*n(c) + o(c). Give r(-2).
-5
Let d(u) = u**2 - 23*u + 48. Let i be (-3)/(-12)*(-8)/(-2)*21. Calculate d(i).
6
Let d(c) = 104*c - 979. Let i(n) = 21*n - 195. Let w(v) = -2*d(v) + 11*i(v). Calculate w(8).
-3
Let r(f) = f**2 - f + 5. Let n be (-7567)/138 + 2/(-12). Let k be 221/(-4) - (-4)/16. Let l = n - k. Calculate r(l).
5
Let v(a) = -a + 12. Let t be (-11)/((-10)/10 - 0). Determine v(t).
1
Let t(w) be the first derivative of -25*w**2/2 - 105*w + 2753. Calculate t(-4).
-5
Let s(y) = 2*y**3 - 11*y**2 - y - 27. Let x be s(6). Let w(j) be the second derivative of -1/6*j**x - 23*j + 0 - 7/2*j**2. Determine w(-6).
-1
Let p(y) = -y - 6. Let r be p(-8). Suppose 3*x - 5*b = r*x + 12, 3*b = -5*x + 4. Let l(a) = -a + 5 - x*a + 2*a. Calculate l(-7).
12
Let v(z) = 7*z - 38. Let k be v(6). Let d(f) = -f + 2*f**2 - 6*f + k*f**2 + 2*f**2 - f**3 - 6. Suppose -12*b + 9 = -75. Give d(b).
-6
Let g = 259 + -276. Let t(p) = -23*p**2 - 14*p - 6. Let d(b) = -8*b**2 - 5*b - 2. Let q(h) = g*d(h) + 6*t(h). Give q(-3).
-23
Let y(l) be the second derivative of -l**5/20 - l**4/4 - l**3/6 + 2*l + 55. Suppose 8*u = -25 + 9. Calculate y(u).
-2
Let k be ((-3 - 16) + 1)*-1*1. Let v(j) be the first derivative of -8*j + 16*j + j**2 - k - 7. Give v(-6).
-4
Let p(g) be the second derivative of 16*g**3/3 - 61*g**2 + 75*g + 3. What is p(4)?
6
Suppose -2*z + 2 = 18. Let c(j) be the first derivative of j**4/4 + 7*j**3/3 - 3*j**2 + 4*j + 2320. Determine c(z).
-12
Suppose 66 = -3*b - 2*y, 5*b - 2*y + 3*y = -103. Let c = 20 + b. Suppose 2*m - m + 2 = c. Let v(p) = -6*p - 1. Calculate v(m).
11
Let z(w) = 2*w**2 - w + 4. Let h(u) be the second derivative of 0 - 22*u + 2*u**2 - 1/6*u**3 + 1/12*u**4. Let j(i) = 3*h(i) - 2*z(i). Give j(-4).
-8
Let t(i) = -11*i**2 - i - 2. Let s be (9/5)/((-44)/220). Let d be 5 + s + 9/3. Give t(d).
-12
Let p(h) = h**3 + h**2 - 2*h + 4. Let c be p(-3). Let q be (-6)/c + 18/16*-6. Let z(m) be the second derivative of m**3/6 + 5*m**2/2 + m. Determine z(q).
-1
Let h(c) be the second derivative of 5*c**4/24 - c**3 - 72*c**2 + 140*c. Let f(l) be the first derivative of h(l). Determine f(4).
14
Let h(l) = -l**3 + 5*l**2 - 5*l - 7. Let p(n) = n + 12. Let v be (-3)/4*-1 - 62/8. Let x be p(v). Calculate h(x).
-32
Suppose -2*l = -3*y - 70, 7*y - 200 = -5*l + 2*y. Let i(b) = -7*b + b**3 - 16*b - 14*b + 0*b**2 + 1 - 2*b**2 + l*b. Let c be (2/(-5))/(2/(-10)). What is i(c)?
3
Suppose 0 = -2*j + 4*n, -2*j + 6*j - 7 = n. Suppose 7 + 3 = -j*u. Let m be 2 - 3 - u*6/(-15). Let g(z) = z**3 + 5*z**2 + z - 4. What is g(m)?
11
Suppose 1071*c = 1171*c. Let d(s) be the second derivative of s**4/12 - s**3/6 + 8*s**2 + s. Determine d(c).
16
Let n(u) = -228 - u + 5*u + 36 + 59. What is n(33)?
-1
Let c be 16/14 - 171/21. Let g(q) = q**2 - 2*q. Determine g(c).
63
Suppose -8*v + 9*v = -3*m + 377, -3*m = 3*v - 369. Let g = m - 123. Let b(i) = i**2 + i - 5 + 1 - 4*i. Calculate b(g).
0
Suppose -3*r - 2*r = -55. Let c = -9 + r. Let s(a) = -a**2 + 0*a**2 + 2*a**c - 9*a + 3 + 0*a**2. Determine s(8).
-5
Let s(p) = -p**2 + 4*p - 1. Let d = 24 + 5. Suppose 2*a = -3*y + d, 7*y - a - 70 = 2*y. Let o = -9 + y. Calculate s(o).
-1
Let o = 152 - 149. Let i(v) = -526*v**2 + 0*v**o + 517*v**2 - 9*v + 4 - v**3. Give i(-8).
12
Let h(u) = u**3 + 12*u**2 + 11*u + 5. Let t = 61 - 55. Let w = 4 + t. Let q = -21 + w. Calculate h(q).
5
Let d(f) = 2*f**2 + f - 5. Let a(j) = -3*j**2 - j + 9. Let b(k) = -3*a(k) - 5*d(k). Suppose 0*u - 13*u = 91. Calculate b(u).
-37
Let x = -339 + 480. Let j = x + -143. Let y(w) = -w**3 - w**2 - 3*w - 1. Calculate y(j).
9
Suppose -23*q + 22*q = 0, 5*g = -q + 35. Let x(l) = l**3 - 5*l**2 - 12*l - 11. What is x(g)?
3
Let k(f) = 28*f**3 + 10*f**2. Let y(b) = -9*b**3 - 3*b**2. Suppose -3*l = 7*l - 70. Let h(g) = l*y(g) + 2*k(g). Determine h(-1).
6
Let c = 82 + -61. Let y = 27 - c. Let r(v) = 8 - 4*v + 12*v - 7*v. Calculate r(y).
14
Let c(d) = 4*d**3 + 26*d**2 - 16*d - 10. Suppose 2*v + 2*m - 62 = -72, -5*m = -5*v - 45. Calculate c(v).
4
Let j = 3142 - 3132. Let l(q) = -q + 15. Determine l(j).
5
Let z be 18/2 - (73 - 61). Let d(u) = -3*u**3 - 3*u**2 - 5*u - 2. Determine d(z).
67
Let c(l) be the third derivative of l**6/180 - l**4/24 + 65*l**3/6 + 82*l**2. Let w(g) be the first derivative of c(g). Determine w(2).
7
Let j = -75 + 77. Let g(f) = 4*f - 7*f + 3 + 2*f**3 - 2*f + 3*f - j*f**2. Give g(2).
7
Let f = 2096 + -2096. Let s(n) = -3*n. Let i(g) = -7*g - 1. Let j(r) = 4*i(r) - 9*s(r). Determine j(f).
-4
Suppose 0 = -19*d + 13*d + 6. Let m(r) = r. Let q(j) = 17*j**2 + 3*j - 1. Let c(h) = d*q(h) - 3*m(h). Suppose 4 = 4*t - 8*t. Calculate c(t).
16
Let r(b) = -b**3 - 2*b**2 + 3*b - 5. Let q = -2703 - -2699. Calculate r(q).
15
Let g(t) = 20*t + 11. Suppose -3*z = 2*z - 12 + 27. Give g(z).
-49
Let q be ((-15)/(-10))/(48/64)*1. Let r(g) = 17*g**2 + 3. What is r(q)?
71
Let l(r) = -r**3 - 3*r**2 + 6*r + 4. Let q(z) = z**3 - 24*z**2 - 50*z - 47. Let v be q(26). Suppose -7*w - 4*x = -v*w - 10, x + 10 = -3*w. Calculate l(w).
24
Let h be (3/9)/(11/33). Let r(p) = 12*p**3 - 2*p**2 + 2*p - 1. What is r(h)?
11
Let w(n) = 43*n - 93. Suppose -10 = 87*u + 15*u - 214. Give w(u).
-7
Let j(x) = x**2 + 25*x + 93. Let s be j(-5). Let c(w) = -w**3 - w + 1. Let h(q) = 6*q**3 + 6*q**2 - 3*q + 4. Let b(y) = 5*c(y) + h(y). Calculate b(s).
16
Let s be (-1125)/(-6) + 9/(-18). Let j(k) = -s*k + 6*k**3 + 187*k. Determine j(-1).
-6
Let v(r) = r**3 - 5*r**2 + 2*r + 1. Let a = 76 + -36. Let o be (-24)/(-20)*a/12. Suppose 0 = -d + b - 1, 0 = o*d + 2*b - 14. Give v(d).
-7
Let x(z) = -3*z**2 - 3*z + 3. Let a be x(3). Let v = 37 + a. Let d(j) = -2*j**2 + 5*j. Determine d(v).
-12
Suppose 3*l - 40 = -5*y, 35*l + 4*y = 30*l + 45. Let i(s) be the second derivative of 1/20*s**l + 2*s**2 - 5/6*s**4 + 0 - s + 4/3*s**3. What is i(9)?
-5
Let l = -343 + 347. Let f(y) = 2*y**2 - 8*y + 4. Let v be f(l). Let q(k) = -k**2 + 7*k - 5. What is q(v)?
7
Let n be ((-3)/(-3))/(1/8). Suppose 0 = -3*v + 2*v + n. Let w(c) be the first derivative of c**2/2 - 2*c + 1679. Calculate w(v).
6
Let z be (-28)/(-10) - (3/(-5))/3. Suppose 3*k - l = -5, -3*l + l + 10 = -z*k. Let v(y) = k*y + y - 7*y - 5 + 5*y. What is v(-4)?
-1
Let n = -280 + 282. Let y(a) = 1 - 81*a**3 - 3*a**n - 5*a**2 + 2 + a + 6*a**2 + 80*a**3. What is y(2)?
-11
Let s(w) = -w - 1. Suppose -4 = 5*h + 21, -4 = 4*q + 4*h. Suppose -4 = -4*g - m, -18*g + m - q = -13*g. Determine s(g).
-1
Let d(f) = f**2 + 6*f + 6. Let v = 158 + -192. Let y be (-153)/(-18) + -7 - v/(-4). Determine d(y).
13
Let m(l) = -l + 12. Let y(z) = -2*z**2 - 31*z + 17. Let p be y(-14). Let c = -39 + p. Let d be m(c). Let i(h) = h + 13. Calculate i(d).
5
Let z(j) be the second derivative of j**5/10 + j**4/4 + j**3/6 + 9*j - 3. Suppose 5*w + 13 = -o, 2*w + 5 = -o - 2. Determine z(w).
-6
Suppose -3*j - 8 